{"id":803,"date":"2018-07-12T13:18:13","date_gmt":"2018-07-12T11:18:13","guid":{"rendered":"http:\/\/aspjchalons51.fr\/?page_id=803"},"modified":"2018-09-26T20:04:53","modified_gmt":"2018-09-26T18:04:53","slug":"mentions-legales","status":"publish","type":"page","link":"https:\/\/aspjchalons51.fr\/index.php\/mentions-legales\/","title":{"rendered":"Mentions L\u00e9gales"},"content":{"rendered":"<div id=\"pl-803\"  class=\"panel-layout\" ><div id=\"pg-803-0\"  class=\"panel-grid panel-no-style\" ><div id=\"pgc-803-0-0\"  class=\"panel-grid-cell\" ><div id=\"panel-803-0-0-0\" class=\"so-panel widget widget_sow-editor panel-first-child panel-last-child\" data-index=\"0\" ><div\n\t\t\t\n\t\t\tclass=\"so-widget-sow-editor so-widget-sow-editor-base\"\n\t\t\t\n\t\t>\n<div class=\"siteorigin-widget-tinymce textwidget\">\n\t<p><strong>Raison Sociale :<\/strong> Association Solidarit\u00e9 Prison Justice (ASPJ)<br \/>\n<strong>Statut juridique :<\/strong> Association<br \/>\n<strong><span style=\"background-color: #ffffff;\">Adresse :<\/span> <\/strong>12 Bld Anatole France, 51000 Ch\u00e2lons en Champagne<br \/>\n<strong>T\u00e9l : <\/strong>03.26.63.20.57<br \/>\n<strong>Mail : solidarite.prison.justice @ orange.fr\u00a0<\/strong><span style=\"color: #ff0000;\">\u00a0(Pas de d\u00e9marchage, ni de publicit\u00e9 ! )(Spams interdits !)\u00a0<\/span><\/p>\n<p><strong>R\u00e9dactrice du Site :<\/strong> Madame Martine Menissier<\/p>\n<p><strong>H\u00e9bergeur :<\/strong><br \/>\nOVH<br \/>\n2 rue Kellermann - 59100 Roubaix - France<br \/>\nRCS Lille M\u00e9tropole 424 761 419 00045<br \/>\nT\u00e9l. :\u00a0+33 9 72 10 10 07<\/p>\n<p style=\"text-align: justify;\"><strong>Conditions d'utilisation du Site :<\/strong><br \/>\n- Le visiteur est seul responsable de l'utilisation du Site,<br \/>\n- L'Association Solidarit\u00e9 Prison Justice d\u00e9cline toutes responsabilit\u00e9s sur l'utilisation de son Site,<br \/>\n- L'Association n'est pas responsable des Liens externes pr\u00e9sents \u00e9ventuellement sur son Site, ni du contenu des autres sites.<\/p>\n<p style=\"text-align: justify;\"><strong>Propri\u00e9t\u00e9s Intellectuelles :<\/strong><br \/>\nLe contenu (<strong><em>texte, photos...<\/em><\/strong>) appartient \u00e0 l'ASPJ, il est interdit de reproduire le contenu du Site sous quelque forme que ce soit.<\/p>\n<p style=\"text-align: justify;\"><strong>Donn\u00e9es personnelles :\u00a0<\/strong><br \/>\n- Les visiteurs peuvent consulter le Site sans que leurs donn\u00e9es personnelles ne soient demand\u00e9es,<br \/>\n- Il n'existe pas de Newsletter, ni d'espace priv\u00e9 <span style=\"text-decoration: underline;\">pour<\/span> les visiteurs,<br \/>\n- En cas de contact t\u00e9l\u00e9phonique ou par mail \u00e0 l'Association, le visiteur reconnait avoir volontairement transmis ses noms, pr\u00e9noms, no de t\u00e9l., adresse mail et le cas \u00e9ch\u00e9ant adresse postale pour avoir une r\u00e9ponse,<br \/>\n- Le visiteur reconna\u00eet que sans ces \u00e9l\u00e9ments, aucune r\u00e9ponse n'est possible \u00e0 lui donner.<\/p>\n<p style=\"text-align: justify;\">Conform\u00e9ment \u00e0 la Loi no 78-17 du 06\/01\/1978 relative \u00e0 l'informatique et aux libert\u00e9s, vous disposez d'un Droit d'opposition, de rectification, et d'annulation de vos donn\u00e9es sur simple demande \u00e9crite \u00e0 l'adresse de l'Association\u00a0<strong>solidarite.prison.justice @ orange.fr<\/strong><\/p>\n<p style=\"text-align: justify;\">L'Association Solidarit\u00e9 Prison Justice <span style=\"text-decoration: underline;\">ne transmet pas<\/span> vos donn\u00e9es personnelles \u00e0 des Tiers.<\/p>\n<p style=\"text-align: justify;\"><strong>Cookies :<\/strong><br \/>\nLe site de l'ASPJ peut r\u00e9colter des donn\u00e9es pour des statistiques (donn\u00e9es anonymes) ou en raison des logiciels... utilis\u00e9s (CMS, plugins).<br \/>\nL'ASPJ d\u00e9cline toutes responsabilit\u00e9s en cas de d\u00e9p\u00f4ts de cookies par des services tiers li\u00e9s au fonctionnement de son Site (CMS, Plugins...).<\/p>\n<p style=\"text-align: justify;\"><strong>Pour informations :<\/strong><br \/>\n- Un cookie est un fichier t\u00e9l\u00e9charg\u00e9 sur votre PC, tablette ou smartphone lorsque vous consultez des Sites Web. Les donn\u00e9es r\u00e9colt\u00e9es permettent d'\u00e9tablir des statistiques par exemple.<br \/>\n- Les donn\u00e9es obtenues sont restreints et concernent par exemple la dur\u00e9e de la visite sur le site, quelles pages ont \u00e9t\u00e9 visit\u00e9es, le pays, quel type de navigateur, ...<br \/>\n- Mais en aucun cas, un cookie <span style=\"text-decoration: underline;\">ne r\u00e9colte pas<\/span> des donn\u00e9es personnelles sensibles (nom, pr\u00e9nom, adresse ou autre).<br \/>\n- Dans certains cas, les cookies permettent une meilleure navigation au sein d'un Site web. Par cons\u00e9quent, interdire ou restreindre les cookies peut alt\u00e9rer votre visite sur un Site.<br \/>\n- Sachez qu'il est possible d'autoriser, d'interdire, de supprimer les cookies install\u00e9s sur votre PC, Tablette ou Smartphone en param\u00e9trant les options de votre navigateur.<br \/>\nLes param\u00e9trages sont \u00e0 vos risques.<\/p>\n<p>L'ASPJ d\u00e9cline toutes responsabilit\u00e9s sur :<br \/>\n- L'utilisation des Cookies,<br \/>\n- Aux param\u00e9trages effectu\u00e9s sur votre navigateur quel qu'il soit \u00e0 partir de n'importe quel terminal \u00e0 usage personnel ou professionnel,<br \/>\n- Sur les mauvaises manipulations quant aux param\u00e9trages<br \/>\nListe non exhaustive.<\/p>\n<p>&nbsp;<\/p>\n<p>Les pr\u00e9sentes Mentions L\u00e9gales et Conditions d'Utilisation peuvent \u00eatre modifi\u00e9es \u00e0 tout moment sans pr\u00e9avis.<\/p>\n<\/div>\n<\/div><\/div><\/div><\/div><\/div>","protected":false},"excerpt":{"rendered":"<p>Raison Sociale : Association Solidarit\u00e9 Prison Justice (ASPJ) Statut juridique : Association Adresse : 12 Bld Anatole France, 51000 Ch\u00e2lons en Champagne T\u00e9l : 03.26.63.20.57 Mail : solidarite.prison.justice @ orange.fr\u00a0\u00a0(Pas de d\u00e9marchage, ni de publicit\u00e9 ! )(Spams interdits !)\u00a0 R\u00e9dactrice &hellip; <a href=\"https:\/\/aspjchalons51.fr\/index.php\/mentions-legales\/\">Continuer la lecture <span class=\"meta-nav\">&rarr;<\/span><\/a><\/p>\n","protected":false},"author":1,"featured_media":0,"parent":0,"menu_order":0,"comment_status":"closed","ping_status":"closed","template":"","meta":{"footnotes":""},"_links":{"self":[{"href":"https:\/\/aspjchalons51.fr\/index.php\/wp-json\/wp\/v2\/pages\/803"}],"collection":[{"href":"https:\/\/aspjchalons51.fr\/index.php\/wp-json\/wp\/v2\/pages"}],"about":[{"href":"https:\/\/aspjchalons51.fr\/index.php\/wp-json\/wp\/v2\/types\/page"}],"author":[{"embeddable":true,"href":"https:\/\/aspjchalons51.fr\/index.php\/wp-json\/wp\/v2\/users\/1"}],"replies":[{"embeddable":true,"href":"https:\/\/aspjchalons51.fr\/index.php\/wp-json\/wp\/v2\/comments?post=803"}],"version-history":[{"count":12,"href":"https:\/\/aspjchalons51.fr\/index.php\/wp-json\/wp\/v2\/pages\/803\/revisions"}],"predecessor-version":[{"id":1045,"href":"https:\/\/aspjchalons51.fr\/index.php\/wp-json\/wp\/v2\/pages\/803\/revisions\/1045"}],"wp:attachment":[{"href":"https:\/\/aspjchalons51.fr\/index.php\/wp-json\/wp\/v2\/media?parent=803"}],"curies":[{"name":"wp","href":"https:\/\/api.w.org\/{rel}","templated":true}]}}