{"id":769,"date":"2018-07-12T12:33:57","date_gmt":"2018-07-12T10:33:57","guid":{"rendered":"http:\/\/aspjchalons51.fr\/?page_id=769"},"modified":"2018-09-19T14:35:41","modified_gmt":"2018-09-19T12:35:41","slug":"passes-par-la-case-prison","status":"publish","type":"page","link":"https:\/\/aspjchalons51.fr\/index.php\/bibliographie\/livres-a-lire\/passes-par-la-case-prison\/","title":{"rendered":"Pass\u00e9s par la case prison"},"content":{"rendered":"<div id=\"pl-769\"  class=\"panel-layout\" ><div id=\"pg-769-0\"  class=\"panel-grid panel-no-style\" ><div id=\"pgc-769-0-0\"  class=\"panel-grid-cell\" ><div id=\"panel-769-0-0-0\" class=\"so-panel widget widget_sow-editor panel-first-child panel-last-child\" data-index=\"0\" ><div\n\t\t\t\n\t\t\tclass=\"so-widget-sow-editor so-widget-sow-editor-base\"\n\t\t\t\n\t\t>\n<div class=\"siteorigin-widget-tinymce textwidget\">\n\t<p class=\"entry-title\"><strong>\u00ab\u00a0Pass\u00e9s par la case prison\u00a0\u00bb<\/strong>, le dernier livre de l\u2019OIP<\/p>\n<div class=\"entry-content\">\n<p class=\"newstext\"><strong><em><a href=\"http:\/\/aspjchalons.fr\/WordPress3\/wp-content\/uploads\/2015\/01\/pass%C3%A9-par-la-case-prison.jpg\"><img loading=\"lazy\" decoding=\"async\" class=\" size-medium wp-image-84 alignleft\" src=\"http:\/\/aspjchalons.fr\/WordPress3\/wp-content\/uploads\/2015\/01\/pass%C3%A9-par-la-case-prison-197x300.jpg\" alt=\"pass\u00e9 par la case prison\" width=\"197\" height=\"300\" \/><\/a>Pass\u00e9s par la case prison\u00a0<\/em><\/strong>(<em>\u00e9d. La D\u00e9couverte, 17\u00a0\u20ac<\/em>) est issu de la rencontre entre huit anciens d\u00e9tenus et huit \u00e9crivains\u00a0:\u00a0<strong>Olivier Brunhes<\/strong>,\u00a0<strong>Philippe Claudel<\/strong>,\u00a0<strong>Marie Darrieussecq<\/strong>,\u00a0<strong>Virginie Despentes<\/strong>,\u00a0<strong>Nancy Huston<\/strong>,\u00a0<strong>Mohamed Kacimi<\/strong>,\u00a0<strong>Pierre Lemaitre<\/strong>\u00a0et\u00a0<strong>G\u00e9rard Mordillat<\/strong>.<\/p>\n<p class=\"newstext\">De ces rencontres sont n\u00e9s huit textes, en forme de portraits, ou de tranches de vie. Des r\u00e9cits qui montrent la complexit\u00e9 des histoires, des contextes et des raisonnements singuliers qui m\u00e8nent derri\u00e8re les barreaux et bousculent les repr\u00e9sentations. Ainsi, Christophe \u00ab\u00a0<em>m\u00e8ne une vie agr\u00e9able mais [\u2026] s\u2019ennuie un peu, cherche des \u00e9motions plus nerveuses que celles qui lui offre un travail stable, se met \u00e0 d\u00e9raper, d\u00e9couvre combien la peur peut-\u00eatre un stup\u00e9fiant sans limite, finalement tente un gros coup, sans haine ni violence comme disait l\u2019autre, se fait prendre. Fin de l\u2019aventure.<\/em>\u00a0\u00bb (Mati\u00e8re de l\u2019humain par Philippe Claudel).<\/p>\n<p class=\"newstext\"><span id=\"more-303\"><\/span><br \/>\nDes histoires o\u00f9 la vie bascule. Marie-H\u00e9l\u00e8ne, coiffeuse de profession, victime de violences conjugales depuis dix huit ans : \u00ab\u00a0<em>En sortant de la chambre, j\u2019ai vu la carabine. En une fraction de seconde, je suis rentr\u00e9e dans la chambre, j\u2019ai pris la carabine et j\u2019ai tir\u00e9 plusieurs fois<\/em>\u00a0\u00bb (\u00ab\u00a0Excusez-moi mais je voulais qu\u2019il soit bien mort \u00bb par Nancy Huston). Des contextes de mis\u00e8re \u00e9conomique ou affective : \u00ab\u00a0<em>Il suffit de regarder autour de soi, la salle \u00e0 manger, le carrelage cass\u00e9, le po\u00eale, les couvertures d\u00e9pareill\u00e9es sur le canap\u00e9 hors d\u2019\u00e2ge, tout me ram\u00e8ne \u00e0 Zola. Un si\u00e8cle plus tard\u2026<\/em>\u00a0\u00bb \u00e9crit Pierre Lemaitre accueilli chez Virginie, incarc\u00e9r\u00e9e pour conduite en \u00e9tat alcoolique. Et l\u2019\u00e9cole qui exclut. Yazid, d\u00e9sign\u00e9 comme un \u00ab\u00a0<em>bon \u00e0 rien<\/em>\u00a0\u00bb dans sa famille, puis \u00e0 l\u2019\u00e9cole, a trouv\u00e9 dans la bande de jeunes \u00ab voyous \u00bb un moyen d\u2019exister. \u00ab\u00a0<em>Tout commence un \u00e9t\u00e9, Yazid Kherfi voulait quitter son quartier qu\u2019il ne quittait jamais, il voulait voir la mer, s\u2019offrir des vacances comme tous ceux de son \u00e2ge. Avec des copains ils ont vol\u00e9 une voiture et fil\u00e9 droit vers l\u2019Oc\u00e9an. Ils se sont fait prendre \u00e0 la Baule et les vacances au soleil se son achev\u00e9es \u00e0 l\u2019ombre \u00bb (\u00ab\u00a0<\/em>A des fins de vertus \u00bb par G\u00e9rard Mordillat).<\/p>\n<p>Ces textes nous confrontent \u00e0 nos propres tabous et limites aussi. \u00ab\u00a0<em>Je dois \u00e9crire sur un silence et je ne sais pas si le silence peut s\u2019\u00e9crire<\/em>\u00a0\u00bb : ainsi, Olivier Brunhes dit son trouble face \u00e0 Andr\u00e9, l\u2019homme direct et droit qui se livre \u00e0 lui, qui parle \u00e0 travers lui, condamn\u00e9 pour violences sexuelles sur mineur. \u00ab\u00a0<em>Cet homme, celui dont je dresse le portrait, n\u2019a plus sa place dans la communaut\u00e9 des hommes<\/em>\u00a0\u00bb.<\/p>\n<p class=\"newstext\">Mais surtout ils d\u00e9voilent l\u2019impact de l\u2019incarc\u00e9ration sur une vie et, par ricochet, sur toute une famille. Et nous forcent \u00e0 nous interroger sur le sens de cet enfermement qui d\u00e9socialise plus qu\u2019il ne r\u00e9ins\u00e8re et humilie plus qu\u2019il ne r\u00e9pare. \u00ab\u00a0<em>La justice, telle que je l\u2019ai connue ne laisse pas la place pour se sentir coupable ou responsable. Elle ne laisse la place qu\u2019\u00e0 la rage. Comment avoir des remords, quand la violence du syst\u00e8me parait pire que les actes commis ?<\/em>\u00a0\u00bb dit Sacha dans le r\u00e9cit biographique de Marie Darrieussecq (\u00ab\u00a0J\u2019aurai voulu \u00eatre avocat\u00a0\u00bb).<\/p>\n<p class=\"newstext\"><strong>Au fil des 224 pages\u2026<\/strong><\/p>\n<p class=\"newstext\">\u2013 Une pr\u00e9face de Robert Badinter ;<\/p>\n<p class=\"newstext\">\u2013 Des extraits d\u2019entretiens avec les huit personnes qui furent condamn\u00e9es\u00a0;<\/p>\n<p>\u2013 Les textes des \u00e9crivains qu\u2019elles ont rencontr\u00e9s. Ils nous rapprochent de la v\u00e9rit\u00e9 crue, celle de l\u2019humain derri\u00e8re le fait divers ;<\/p>\n<p>\u2013 Des encarts informatifs sur la prison ou la justice, en lien avec chaque histoire ;<\/p>\n<p>\u2013 Les photos de Dorothy-Shoes prises au cours d\u2019ateliers avec des personnes d\u00e9tenues, et celles de Philippe Castetbon avec les huit protagonistes du livre.<\/p>\n<p>(texte du site de l\u2019OIP)<\/p>\n<p class=\"newstext\">Acheter sur le site de l\u2019<a href=\"http:\/\/www.oip.org\/index.php\/publications-et-ressources\/actualites\/1174-l-oip-presente-passes-par-la-case-prison-le-livre-qui-deconstruit-les-idees-recues\" target=\"_blank\" rel=\"noopener\">OIP, Observatoire International des Prisons<\/a>\u00a0ou celui de la\u00a0<a href=\"http:\/\/www.librairiedumau.fr\/\" target=\"_blank\" rel=\"noopener\">librairie du Mau<\/a><\/p>\n<\/div>\n<\/div>\n<\/div><\/div><\/div><\/div><\/div>","protected":false},"excerpt":{"rendered":"<p>\u00ab\u00a0Pass\u00e9s par la case prison\u00a0\u00bb, le dernier livre de l\u2019OIP Pass\u00e9s par la case prison\u00a0(\u00e9d. La D\u00e9couverte, 17\u00a0\u20ac) est issu de la rencontre entre huit anciens d\u00e9tenus et huit \u00e9crivains\u00a0:\u00a0Olivier Brunhes,\u00a0Philippe Claudel,\u00a0Marie Darrieussecq,\u00a0Virginie Despentes,\u00a0Nancy Huston,\u00a0Mohamed Kacimi,\u00a0Pierre Lemaitre\u00a0et\u00a0G\u00e9rard Mordillat. De ces &hellip; <a href=\"https:\/\/aspjchalons51.fr\/index.php\/bibliographie\/livres-a-lire\/passes-par-la-case-prison\/\">Continuer la lecture <span class=\"meta-nav\">&rarr;<\/span><\/a><\/p>\n","protected":false},"author":1,"featured_media":0,"parent":761,"menu_order":3,"comment_status":"closed","ping_status":"closed","template":"","meta":{"footnotes":""},"_links":{"self":[{"href":"https:\/\/aspjchalons51.fr\/index.php\/wp-json\/wp\/v2\/pages\/769"}],"collection":[{"href":"https:\/\/aspjchalons51.fr\/index.php\/wp-json\/wp\/v2\/pages"}],"about":[{"href":"https:\/\/aspjchalons51.fr\/index.php\/wp-json\/wp\/v2\/types\/page"}],"author":[{"embeddable":true,"href":"https:\/\/aspjchalons51.fr\/index.php\/wp-json\/wp\/v2\/users\/1"}],"replies":[{"embeddable":true,"href":"https:\/\/aspjchalons51.fr\/index.php\/wp-json\/wp\/v2\/comments?post=769"}],"version-history":[{"count":7,"href":"https:\/\/aspjchalons51.fr\/index.php\/wp-json\/wp\/v2\/pages\/769\/revisions"}],"predecessor-version":[{"id":1012,"href":"https:\/\/aspjchalons51.fr\/index.php\/wp-json\/wp\/v2\/pages\/769\/revisions\/1012"}],"up":[{"embeddable":true,"href":"https:\/\/aspjchalons51.fr\/index.php\/wp-json\/wp\/v2\/pages\/761"}],"wp:attachment":[{"href":"https:\/\/aspjchalons51.fr\/index.php\/wp-json\/wp\/v2\/media?parent=769"}],"curies":[{"name":"wp","href":"https:\/\/api.w.org\/{rel}","templated":true}]}}

Passés par la case prison

<div id="pl-769"  class="panel-layout" ><div id="pg-769-0"  class="panel-grid panel-no-style" ><div id="pgc-769-0-0"  class="panel-grid-cell" ><div id="panel-769-0-0-0" class="so-panel widget widget_sow-editor panel-first-child panel-last-child" data-index="0" ><div
			
			class="so-widget-sow-editor so-widget-sow-editor-base"
			
		>
<div class="siteorigin-widget-tinymce textwidget">
	<p class="entry-title"><strong>« Passés par la case prison »</strong>, le dernier livre de l’OIP</p>
<div class="entry-content">
<p class="newstext"><strong><em><a href="http://aspjchalons.fr/WordPress3/wp-content/uploads/2015/01/pass%C3%A9-par-la-case-prison.jpg"><img loading="lazy" decoding="async" class=" size-medium wp-image-84 alignleft" src="http://aspjchalons.fr/WordPress3/wp-content/uploads/2015/01/pass%C3%A9-par-la-case-prison-197x300.jpg" alt="passé par la case prison" width="197" height="300" /></a>Passés par la case prison </em></strong>(<em>éd. La Découverte, 17 €</em>) est issu de la rencontre entre huit anciens détenus et huit écrivains : <strong>Olivier Brunhes</strong>, <strong>Philippe Claudel</strong>, <strong>Marie Darrieussecq</strong>, <strong>Virginie Despentes</strong>, <strong>Nancy Huston</strong>, <strong>Mohamed Kacimi</strong>, <strong>Pierre Lemaitre</strong> et <strong>Gérard Mordillat</strong>.</p>
<p class="newstext">De ces rencontres sont nés huit textes, en forme de portraits, ou de tranches de vie. Des récits qui montrent la complexité des histoires, des contextes et des raisonnements singuliers qui mènent derrière les barreaux et bousculent les représentations. Ainsi, Christophe « <em>mène une vie agréable mais […] s’ennuie un peu, cherche des émotions plus nerveuses que celles qui lui offre un travail stable, se met à déraper, découvre combien la peur peut-être un stupéfiant sans limite, finalement tente un gros coup, sans haine ni violence comme disait l’autre, se fait prendre. Fin de l’aventure.</em> » (Matière de l’humain par Philippe Claudel).</p>
<p class="newstext"><span id="more-303"></span><br />
Des histoires où la vie bascule. Marie-Hélène, coiffeuse de profession, victime de violences conjugales depuis dix huit ans : « <em>En sortant de la chambre, j’ai vu la carabine. En une fraction de seconde, je suis rentrée dans la chambre, j’ai pris la carabine et j’ai tiré plusieurs fois</em> » (« Excusez-moi mais je voulais qu’il soit bien mort » par Nancy Huston). Des contextes de misère économique ou affective : « <em>Il suffit de regarder autour de soi, la salle à manger, le carrelage cassé, le poêle, les couvertures dépareillées sur le canapé hors d’âge, tout me ramène à Zola. Un siècle plus tard…</em> » écrit Pierre Lemaitre accueilli chez Virginie, incarcérée pour conduite en état alcoolique. Et l’école qui exclut. Yazid, désigné comme un « <em>bon à rien</em> » dans sa famille, puis à l’école, a trouvé dans la bande de jeunes « voyous » un moyen d’exister. « <em>Tout commence un été, Yazid Kherfi voulait quitter son quartier qu’il ne quittait jamais, il voulait voir la mer, s’offrir des vacances comme tous ceux de son âge. Avec des copains ils ont volé une voiture et filé droit vers l’Océan. Ils se sont fait prendre à la Baule et les vacances au soleil se son achevées à l’ombre » (« </em>A des fins de vertus » par Gérard Mordillat).</p>
<p>Ces textes nous confrontent à nos propres tabous et limites aussi. « <em>Je dois écrire sur un silence et je ne sais pas si le silence peut s’écrire</em> » : ainsi, Olivier Brunhes dit son trouble face à André, l’homme direct et droit qui se livre à lui, qui parle à travers lui, condamné pour violences sexuelles sur mineur. « <em>Cet homme, celui dont je dresse le portrait, n’a plus sa place dans la communauté des hommes</em> ».</p>
<p class="newstext">Mais surtout ils dévoilent l’impact de l’incarcération sur une vie et, par ricochet, sur toute une famille. Et nous forcent à nous interroger sur le sens de cet enfermement qui désocialise plus qu’il ne réinsère et humilie plus qu’il ne répare. « <em>La justice, telle que je l’ai connue ne laisse pas la place pour se sentir coupable ou responsable. Elle ne laisse la place qu’à la rage. Comment avoir des remords, quand la violence du système parait pire que les actes commis ?</em> » dit Sacha dans le récit biographique de Marie Darrieussecq (« J’aurai voulu être avocat »).</p>
<p class="newstext"><strong>Au fil des 224 pages…</strong></p>
<p class="newstext">– Une préface de Robert Badinter ;</p>
<p class="newstext">– Des extraits d’entretiens avec les huit personnes qui furent condamnées ;</p>
<p>– Les textes des écrivains qu’elles ont rencontrés. Ils nous rapprochent de la vérité crue, celle de l’humain derrière le fait divers ;</p>
<p>– Des encarts informatifs sur la prison ou la justice, en lien avec chaque histoire ;</p>
<p>– Les photos de Dorothy-Shoes prises au cours d’ateliers avec des personnes détenues, et celles de Philippe Castetbon avec les huit protagonistes du livre.</p>
<p>(texte du site de l’OIP)</p>
<p class="newstext">Acheter sur le site de l’<a href="http://www.oip.org/index.php/publications-et-ressources/actualites/1174-l-oip-presente-passes-par-la-case-prison-le-livre-qui-deconstruit-les-idees-recues" target="_blank" rel="noopener">OIP, Observatoire International des Prisons</a> ou celui de la <a href="http://www.librairiedumau.fr/" target="_blank" rel="noopener">librairie du Mau</a></p>
</div>
</div>
</div></div></div></div></div>

<p>« Passés par la case prison », le dernier livre de l’OIP Passés par la case prison (éd. La Découverte, 17 €) est issu de la rencontre entre huit anciens détenus et huit écrivains : Olivier Brunhes, Philippe Claudel, Marie Darrieussecq, Virginie Despentes, Nancy Huston, Mohamed Kacimi, Pierre Lemaitre et Gérard Mordillat. De ces &hellip; <a href="https://aspjchalons51.fr/index.php/bibliographie/livres-a-lire/passes-par-la-case-prison/">Continuer la lecture <span class="meta-nav">&rarr;</span></a></p>
