{"id":756,"date":"2018-07-12T12:28:15","date_gmt":"2018-07-12T10:28:15","guid":{"rendered":"http:\/\/aspjchalons51.fr\/?page_id=756"},"modified":"2018-09-19T14:34:19","modified_gmt":"2018-09-19T12:34:19","slug":"bibliographie","status":"publish","type":"page","link":"https:\/\/aspjchalons51.fr\/index.php\/bibliographie\/","title":{"rendered":"Bibliographie"},"content":{"rendered":"<div id=\"pl-756\"  class=\"panel-layout\" ><div id=\"pg-756-0\"  class=\"panel-grid panel-no-style\" ><div id=\"pgc-756-0-0\"  class=\"panel-grid-cell\" ><div id=\"panel-756-0-0-0\" class=\"so-panel widget widget_sow-editor panel-first-child panel-last-child\" data-index=\"0\" ><div\n\t\t\t\n\t\t\tclass=\"so-widget-sow-editor so-widget-sow-editor-base\"\n\t\t\t\n\t\t>\n<div class=\"siteorigin-widget-tinymce textwidget\">\n\t<p style=\"text-align: justify;\">L'<strong>Association Solidarit\u00e9 Prison Justice<\/strong> vous propose de <strong>lire des livres sur le sujet de la Prison<\/strong>, vous y d\u00e9couvrirez les <em>extraits de ces ouvrages<\/em>, les <em>r\u00e9f\u00e9rences pour vous les procurer,...<\/em><\/p>\n<p style=\"text-align: justify;\"><strong>Pour acc\u00e9der \u00e0 cette biblioth\u00e8que<\/strong>, <span style=\"text-decoration: underline;\">dans le Menu<\/span>, <span style=\"text-decoration: underline;\">sous<\/span> \"<em>Bibliographie<\/em>\", allez sur <em>\"Livres \u00e0 lire<\/em>\" et <strong>d\u00e9couvrez les ouvrages propos\u00e9s<\/strong>.<\/p>\n<\/div>\n<\/div><\/div><\/div><\/div><\/div>","protected":false},"excerpt":{"rendered":"<p>L&rsquo;Association Solidarit\u00e9 Prison Justice vous propose de lire des livres sur le sujet de la Prison, vous y d\u00e9couvrirez les extraits de ces ouvrages, les r\u00e9f\u00e9rences pour vous les procurer,&#8230; Pour acc\u00e9der \u00e0 cette biblioth\u00e8que, dans le Menu, sous \u00ab\u00a0Bibliographie\u00a0\u00bb, &hellip; <a href=\"https:\/\/aspjchalons51.fr\/index.php\/bibliographie\/\">Continuer la lecture <span class=\"meta-nav\">&rarr;<\/span><\/a><\/p>\n","protected":false},"author":1,"featured_media":0,"parent":0,"menu_order":0,"comment_status":"closed","ping_status":"closed","template":"sidebar-page.php","meta":{"footnotes":""},"_links":{"self":[{"href":"https:\/\/aspjchalons51.fr\/index.php\/wp-json\/wp\/v2\/pages\/756"}],"collection":[{"href":"https:\/\/aspjchalons51.fr\/index.php\/wp-json\/wp\/v2\/pages"}],"about":[{"href":"https:\/\/aspjchalons51.fr\/index.php\/wp-json\/wp\/v2\/types\/page"}],"author":[{"embeddable":true,"href":"https:\/\/aspjchalons51.fr\/index.php\/wp-json\/wp\/v2\/users\/1"}],"replies":[{"embeddable":true,"href":"https:\/\/aspjchalons51.fr\/index.php\/wp-json\/wp\/v2\/comments?post=756"}],"version-history":[{"count":9,"href":"https:\/\/aspjchalons51.fr\/index.php\/wp-json\/wp\/v2\/pages\/756\/revisions"}],"predecessor-version":[{"id":1011,"href":"https:\/\/aspjchalons51.fr\/index.php\/wp-json\/wp\/v2\/pages\/756\/revisions\/1011"}],"wp:attachment":[{"href":"https:\/\/aspjchalons51.fr\/index.php\/wp-json\/wp\/v2\/media?parent=756"}],"curies":[{"name":"wp","href":"https:\/\/api.w.org\/{rel}","templated":true}]}}